ided by 171758.
248
Calculate the remainder when 1134816 is divided by 37827.
6
Calculate the remainder when 4033112 is divided by 62047.
57
What is the remainder when 70779 is divided by 6936?
1419
What is the remainder when 6313866 is divided by 796?
790
What is the remainder when 26107 is divided by 1820?
627
What is the remainder when 106496 is divided by 51?
8
What is the remainder when 202507677 is divided by 25313459?
5
Calculate the remainder when 1594377 is divided by 2438.
2363
Calculate the remainder when 103669376 is divided by 103669374.
2
Calculate the remainder when 3266240 is divided by 105362.
18
What is the remainder when 1590796 is divided by 530248?
52
What is the remainder when 387696 is divided by 2872?
2848
What is the remainder when 179501 is divided by 751?
12
What is the remainder when 200812 is divided by 1321?
20
What is the remainder when 91686120 is divided by 26?
6
What is the remainder when 3073208 is divided by 209?
72
Calculate the remainder when 5801842 is divided by 95112.
10
What is the remainder when 18508853 is divided by 277?
267
Calculate the remainder when 463629 is divided by 2109.
1758
Calculate the remainder when 35622 is divided by 232.
126
Calculate the remainder when 29121420 is divided by 705.
690
Calculate the remainder when 17434767 is divided by 8717370.
27
Calculate the remainder when 12818216 is divided by 20.
16
What is the remainder when 95834999 is divided by 2198?
1
What is the remainder when 1712107 is divided by 650?
7
What is the remainder when 11293276 is divided by 233?
232
What is the remainder when 1122602 is divided by 434?
278
What is the remainder when 93502522 is divided by 29?
26
What is the remainder when 4397880 is divided by 133265?
135
Calculate the remainder when 994425 is divided by 10.
5
Calculate the remainder when 2612803 is divided by 217733.
7
What is the remainder when 463018 is divided by 2226?
10
Calculate the remainder when 33976467 is divided by 597.
3
Calculate the remainder when 11333212 is divided by 30.
22
What is the remainder when 2598301 is divided by 1093?
240
Calculate the remainder when 755217306 is divided by 125869550.
6
Calculate the remainder when 12979 is divided by 2602.
2571
Calculate the remainder when 143845 is divided by 1483.
1477
What is the remainder when 282067 is divided by 298?
159
Calculate the remainder when 3463917 is divided by 6298.
17
Calculate the remainder when 35370918 is divided by 1117.
1113
Calculate the remainder when 973023 is divided by 6852.
39
Calculate the remainder when 72651 is divided by 1835.
1086
Calculate the remainder when 22498 is divided by 902.
850
Calculate the remainder when 14755 is divided by 2921.
150
Calculate the remainder when 4318457 is divided by 1052.
1049
What is the remainder when 27113110 is divided by 4537?
4535
Calculate the remainder when 3325766 is divided by 42.
38
What is the remainder when 1395692 is divided by 1254?
1244
What is the remainder when 424504 is divided by 47166?
10
What is the remainder when 30229 is divided by 7513?
177
Calculate the remainder when 1055762 is divided by 329.
1
What is the remainder when 292212 is divided by 145222?
1768
Calculate the remainder when 281945 is divided by 93859.
368
What is the remainder when 29155851 is divided by 14577923?
5
Calculate the remainder when 73777 is divided by 24571.
64
What is the remainder when 137646 is divided by 1286?
44
What is the remainder when 165092 is divided by 2358?
32
What is the remainder when 81957959 is divided by 840?
839
What is the remainder when 14852 is divided by 1690?
1332
What is the remainder when 418655 is divided by 1468?
275
Calculate the remainder when 6808876 is divided by 148019.
2
What is the remainder when 730684 is divided by 242767?
2383
What is the remainder when 32891920 is divided by 6578384?
0
Calculate the remainder when 63533813 is divided by 107.
102
Calculate the remainder when 16544397 is divided by 244.
221
What is the remainder when 8266 is divided by 7466?
800
Calculate the remainder when 1311624 is divided by 127.
95
What is the remainder when 672956 is divided by 168232?
28
Calculate the remainder when 94579 is divided by 2006.
297
What is the remainder when 18618748 is divided by 58?
52
What is the remainder when 11747761 is divided by 559417?
4
Calculate the remainder when 1244233 is divided by 1750.
1733
What is the remainder when 257784 is divided by 145?
119
Calculate the remainder when 5126479 is divided by 95.
89
Calculate the remainder when 3151453 is divided by 4389.
151
What is the remainder when 155060703 is divided by 188?
183
What is the remainder when 121636 is divided by 6070?
236
Calculate the remainder when 481470 is divided by 2689.
139
Calculate the remainder when 730989 is divided by 814.
17
Calculate the remainder when 1460858 is divided by 3366.
14
Calculate the remainder when 25901199 is divided by 20.
19
What is the remainder when 6318149 is divided by 7229?
3
What is the remainder when 49801529 is divided by 655283?
21
Calculate the remainder when 7535877 is divided by 36.
33
What is the remainder when 66088869 is divided by 1422?
1419
What is the remainder when 3267 is divided by 50?
17
Calculate the remainder when 60902 is divided by 803.
677
Calculate the remainder when 2977791 is divided by 1488658.
475
Calculate the remainder when 207902 is divided by 66649.
7955
What is the remainder when 27755996 is divided by 160?
156
What is the remainder when 42223 is divided by 10546?
39
What is the remainder when 128383 is divided by 64112?
159
What is the remainder when 2508533 is divided by 26685?
143
Calculate the remainder when 572821 is divided by 2898.
1915
Calculate the remainder when 13414344 is divided by 3353576.
40
Calculate the remainder when 2148736 is divided by 24985.
26
What is the remainder when 4321588 is divided by 4996?
48
What is the remainder when 293313 is divided by 6640?
1153
Calculate the remainder when 376952427 is divided by 795.
792
Calculate the remainder when 600480 is divided by 11997.
630
Calculate the remainder when 1233718 is divided by 193.
62
What is the remainder when 13772256 is divided by 2534?
2500
Calculate the remainder when 1880864 is divided by 626842.
338
What is the remainder when 99028522 is divided by 890?
2
Calculate the remainder when 2590318 is divided by 251.
249
What is the remainder when 3576304 is divided by 1119?
1099
What is the remainder when 2385973 is divided by 353?
46
Calculate the remainder when 9497 is divided by 322.
159
What is the remainder when 109725168 is divided by 2612504?
0
Calculate the remainder when 51059836 is divided by 12813.
31
Calculate the remainder when 9340521 is divided by 592.
537
What is the remainder when 14222074 is divided by 1280?
1274
Calculate the remainder when 737678 is divided by 368359.
960
What is the remainder when 9207610 is divided by 13?
9
Calculate the remainder when 944160 is divided by 472030.
100
What is the remainder when 77692 is divided by 668?
204
What is the remainder when 9343850 is divided by 6?
2
What is the remainder when 16781305 is divided by 255?
10
What is the remainder when 244607963 is divided by 2932?
2931
Calculate the remainder when 17823249 is divided by 1274.
1263
What is the remainder when 1666332 is divided by 12720?
12
Calculate the remainder when 15913153 is divided by 345938.
5
What is the remainder when 116754 is divided by 4315?
249
What is the remainder when 103833 is divided by 34480?
393
What is the remainder when 350032 is divided by 349999?
33
Calculate the remainder when 1142569 is divided by 87.
85
Calculate the remainder when 193567 is divided by 931.
850
What is the remainder when 4165092 is divided by 93?
87
Calculate the remainder when 22291241 is divided by 706.
703
Calculate the remainder when 5037882 is divided by 1007574.
12
What is the remainder when 21036840 is divided by 4207368?
0
Calculate the remainder when 42963942 is divided by 2551.
0
What is the remainder when 684523 is divided by 2705?
158
Calculate the remainder when 19565365 is divided by 44.
17
Calculate the remainder when 8529137 is divided by 37.
8
What is the remainder when 49168 is divided by 8992?
4208
What is the remainder when 4965194 